604?
2, 3, 29, 241
List the prime factors of 1436531.
1436531
What are the prime factors of 440947?
13, 107, 317
What are the prime factors of 18071720?
2, 5, 451793
What are the prime factors of 3397749?
3, 1132583
What are the prime factors of 276631?
29, 9539
List the prime factors of 211224.
2, 3, 13, 677
List the prime factors of 414830.
2, 5, 13, 3191
List the prime factors of 668164.
2, 7, 487
What are the prime factors of 17076712?
2, 2134589
What are the prime factors of 610989?
3, 203663
List the prime factors of 10833410.
2, 5, 7, 22109
What are the prime factors of 3353901?
3, 1117967
What are the prime factors of 1530605?
5, 306121
List the prime factors of 2880381.
3, 7, 19, 7219
What are the prime factors of 77102?
2, 19, 2029
What are the prime factors of 1085799?
3, 11, 13, 2531
List the prime factors of 5301763.
137, 38699
List the prime factors of 8316425.
5, 13, 25589
List the prime factors of 701382.
2, 3, 11, 10627
What are the prime factors of 1535769?
3, 170641
What are the prime factors of 6449284?
2, 19, 84859
What are the prime factors of 279580?
2, 5, 7, 1997
List the prime factors of 10557310.
2, 5, 1055731
What are the prime factors of 766843?
7, 11, 23, 433
What are the prime factors of 1005168?
2, 3, 43, 487
List the prime factors of 3104884.
2, 776221
What are the prime factors of 781317?
3, 86813
List the prime factors of 5600020.
2, 5, 280001
List the prime factors of 1351309.
1351309
List the prime factors of 7818237.
3, 7, 193, 643
What are the prime factors of 9103961?
37, 197, 1249
What are the prime factors of 2073520?
2, 5, 25919
List the prime factors of 6894016.
2, 107719
What are the prime factors of 1011030?
2, 3, 5, 67, 503
What are the prime factors of 15976061?
15976061
List the prime factors of 629038.
2, 367, 857
What are the prime factors of 12728584?
2, 11, 109, 1327
List the prime factors of 14387335.
5, 29, 99223
What are the prime factors of 603716?
2, 150929
List the prime factors of 49494.
2, 3, 73, 113
What are the prime factors of 15346869?
3, 17, 113, 2663
List the prime factors of 2247812.
2, 7, 80279
List the prime factors of 383737.
137, 2801
List the prime factors of 1276976.
2, 79811
List the prime factors of 2396008.
2, 299501
What are the prime factors of 801407?
801407
What are the prime factors of 3565492?
2, 7, 29, 4391
List the prime factors of 106182.
2, 3, 17, 347
List the prime factors of 1993997.
1993997
List the prime factors of 28523.
11, 2593
What are the prime factors of 187398?
2, 3, 29, 359
List the prime factors of 1942325.
5, 7, 11, 1009
List the prime factors of 2583336.
2, 3, 7, 15377
What are the prime factors of 150358?
2, 13, 5783
What are the prime factors of 33845150?
2, 5, 676903
What are the prime factors of 475650?
2, 3, 5, 7, 151
List the prime factors of 1498562.
2, 13, 57637
List the prime factors of 5843472.
2, 3, 23, 67, 79
What are the prime factors of 142298?
2, 13, 421
What are the prime factors of 1714023?
3, 43, 103
What are the prime factors of 682755?
3, 5, 23, 1979
What are the prime factors of 755383?
19, 83, 479
What are the prime factors of 363138?
2, 3, 29, 2087
List the prime factors of 4810841.
7, 23, 29881
What are the prime factors of 1741536?
2, 3, 6047
List the prime factors of 8748063.
3, 47, 20681
List the prime factors of 13676304.
2, 3, 71, 4013
What are the prime factors of 4349107?
7, 621301
What are the prime factors of 4051008?
2, 3, 13, 541
List the prime factors of 769998.
2, 3, 17, 7549
List the prime factors of 635610.
2, 3, 5, 21187
What are the prime factors of 1985369?
29, 223, 307
What are the prime factors of 654628?
2, 13, 12589
What are the prime factors of 583711?
197, 2963
List the prime factors of 723630.
2, 3, 5, 24121
What are the prime factors of 1940284?
2, 41, 11831
What are the prime factors of 291257?
291257
List the prime factors of 3489917.
3489917
List the prime factors of 1040587.
17, 61211
List the prime factors of 1376425.
5, 55057
What are the prime factors of 23707755?
3, 5, 151, 1163
What are the prime factors of 17962?
2, 7, 1283
What are the prime factors of 2734485?
3, 5, 13, 37, 379
What are the prime factors of 180504?
2, 3, 23, 109
What are the prime factors of 1038388?
2, 13, 19, 1051
List the prime factors of 26850.
2, 3, 5, 179
List the prime factors of 4887371.
4887371
What are the prime factors of 1083063?
3, 29, 59, 211
List the prime factors of 89738.
2, 11, 4079
List the prime factors of 593109.
3, 11, 1997
What are the prime factors of 150218?
2, 75109
What are the prime factors of 4814836?
2, 13, 92593
What are the prime factors of 10123452?
2, 3, 281207
What are the prime factors of 153252?
2, 3, 11, 43
List the prime factors of 175198.
2, 251, 349
List the prime factors of 707268.
2, 3, 17, 3467
List the prime factors of 396025.
5, 7, 31, 73
What are the prime factors of 1168862?
2, 53, 11027
List the prime factors of 865298.
2, 7, 19, 3253
What are the prime factors of 314645?
5, 62929
List the prime factors of 1162159.
31, 37489
What are the prime factors of 20757007?
127, 137, 1193
List the prime factors of 696154.
2, 348077
What are the prime factors of 605134?
2, 302567
What are the prime factors of 88603?
251, 353
List the prime factors of 24483234.
2, 3, 4080539
What are the prime factors of 945078?
2, 3, 157513
List the prime factors of 614176.
2, 17, 1129
List the prime factors of 4418794.
2, 179, 12343
What are the prime factors of 794695?
5, 11, 14449
List the prime factors of 2211567.
3, 263, 2803
List the prime factors of 24446171.
23, 1062877
List the prime factors of 154010.
2, 5, 15401
List the prime factors of 527809.
527809
What are the prime factors of 2174452?
2, 7, 77659
What are the prime factors of 1235452?
2, 73, 4231
What are the prime factors of 5398746?
2, 3, 899791
List the prime factors of 184247.
7, 26321
List the prime factors of 544606.
2, 317, 859
What are the prime factors of 8355660?
2, 3, 5, 47, 2963
List the prime factors of 1167151.
19, 47, 1307
What are the prime factors of 1698313?
1698313
What are the prime factors of 29571985?
5, 31, 190787
What are the prime factors of 835801?
47, 17783
List the prime factors of 489455.
5, 53, 1847
What are the prime factors of 3075015?
3, 5, 29, 7069
List the prime factors of 185754.
2, 3, 83, 373
List the prime factors of 8473447.
31, 157, 1741
List the prime factors of 15859552.
2, 495611
List the prime factors of 687384.
2, 3, 9547
List the prime factors of 4687219.
139, 33721
List the prime factors of 614574.
2, 3, 19, 599
What are the prime factors of 324518?
2, 211, 769
What are the prime factors of 93370?
2, 5, 9337
List the prime factors of 6501667.
17, 19, 20129
List the prime factors of 24423.
3, 7, 1163
What are the prime factors of 297745?
5, 7, 47, 181
List the prime factors of 1694744.
2, 349, 607
List the prime factors of 7922605.
5, 449, 3529
What are the prime factors of 10106178?
2, 3, 1277, 1319
List the prime factors of 1816755.
3, 5, 31, 3907
What are the prime factors of 1273536?
2, 3, 11, 67
What are the prime factors of 16342147?
19, 860113
List the prime factors of 831715.
5, 397, 419
List the prime factors of 34706.
2, 7, 37, 67
What are the prime factors of 36046155?
3, 5, 2403077
What are the prime factors of 596713?
13, 197, 233
List the prime factors of 105171.
3, 11, 3187
List the prime factors of 1971216.
2, 3, 13
List the prime factors of 542906.
2, 7, 13, 19, 157
What are the prime factors of 5007647?
31, 67, 2411
List the prime factors of 6252459.
3, 41, 50833
What are the prime factors of 48418?
2, 43, 563
What are the prime factors of 148824?
2, 3, 13, 53
List the prime factors of 10954490.
2, 5, 1095449
List the prime factors of 370338.
2, 3, 61723
List the prime factors of 2456546.
2, 1228273
What are the prime factors of 311697?
3, 59, 587
What are the prime factors of 6189327?
3, 89, 7727
List the prime factors of 190375.
5, 1523
What are the prime factors of 207403?
7, 29629
List the prime factors of 1168833.
3, 167, 2333
What are the prime factors of 9039836?
2, 13, 263, 661
What are the prime factors of 14160613?
29, 73, 6689
What are the prime factors of 199159?
79, 2521
List the prime factors of 396433.
109, 3637
List the prime factors of 31278.
2,